25*l - 150. What is the remainder when m(13) is divided by k?
10
Let h be 0 - (-1 + -3)*9/(-9). Calculate the remainder when 174 is divided by -3 - (h - -42)*-1.
34
Let m = 212 - 158. What is the remainder when m is divided by 12?
6
Let t = 99 - 96. Let d(i) = 2*i**3 - 7*i**2 - 9*i + 9. Let h be d(6). Suppose t*r + 6 = h. What is the remainder when r is divided by 16?
11
Let w(f) = -5*f + 5. Let c(l) = -4*l + 4. Let k(y) = 4*c(y) - 3*w(y). Let b be k(-4). Suppose b*n + 0*n = 45. What is the remainder when 16 is divided by n?
7
Let o = 843 + -749. Calculate the remainder when o is divided by 19.
18
Let b = -42 - -47. Let x = 2 + b. What is the remainder when 89 is divided by x?
5
Let a = 937 + -912. Let p = 0 + 13. What is the remainder when a is divided by p?
12
Suppose 3*w + v = -0*w - 15, -9 = 3*v. What is the remainder when (-602)/w + -5 + (-27)/(-6) is divided by 38?
36
Let i(d) = -9*d + 147. Calculate the remainder when i(-5) is divided by 15.
12
Let z be (-6)/(-12) + 9/2. Suppose -4*s + 2*r = -44, -s + 14 = s + r. Suppose s*g = z*g + 24. Calculate the remainder when 17 is divided by g.
5
Suppose 2*j - 58 = -j - v, 0 = -2*j - 2*v + 44. Suppose -2*z - 4*u = -j, 5*z = 8*u - 4*u + 31. Let l = 20 - 2. Calculate the remainder when l is divided by z.
4
Suppose -x + 139 = 2*h - 33, 0 = -5*x - 10. Let a = h + -61. Calculate the remainder when a is divided by 8.
2
Calculate the remainder when 68 is divided by -14*2/4*(-300)/105.
8
Suppose 0*n - 89 = 2*f + n, n + 221 = -5*f. Calculate the remainder when f/(4*(-2)/12) is divided by 17.
15
What is the remainder when 76*14/24 - 4/12 is divided by 3?
2
Let p(t) = t**2 - 14*t - 94. What is the remainder when 314 is divided by p(-7)?
49
Suppose 27*m - 174 = -2*m. What is the remainder when 26 is divided by m?
2
Let t = 525 + -508. What is the remainder when 1613 is divided by t?
15
Let p = -685 - -696. Calculate the remainder when 503 is divided by p.
8
Suppose 0 = 4*t + v - 14, -3*v + 3 = -t - 0*v. Suppose -66 = -t*o + 3*k, 0 = 2*o - 3*k + 2*k - 40. Calculate the remainder when (-4)/o + 778/18 is divided by 9.
7
Let o = 176 - 104. Calculate the remainder when 356 is divided by o.
68
Let r be 5/((-50)/(-5))*4. Suppose -r*i + 4*i = 18. Calculate the remainder when 43 is divided by i.
7
Let u(r) = -1 + r + 5*r - 12*r + r**3 - 9*r + 10*r**2. Calculate the remainder when u(-11) is divided by 15.
13
Let t(f) = f + 56. Suppose -3*u + 9 = 0, 3*q - 2*u - 48 = 2*u. Calculate the remainder when t(0) is divided by q.
16
Suppose 3*q - q - 22 = 0. Let y = 82 + -79. What is the remainder when q is divided by y?
2
Let f = -58 - -62. Suppose 0 = 4*r + 5*b - 122, 92 = 3*r + 8*b - f*b. What is the remainder when 111 is divided by r?
27
Let h(w) = -6*w**3 + 63*w**2 + 32*w + 23. What is the remainder when 125 is divided by h(11)?
5
Suppose -167*i = -164*i - 60. Calculate the remainder when 79 is divided by i.
19
Let h(t) = 5*t - 6*t - 2*t**3 + t**3 - t**2 - 1. Let u be h(-2). Suppose -34 = -4*v + f, -u*f + 1 + 5 = 2*v. Calculate the remainder when 15 is divided by v.
7
Let r(v) be the third derivative of 1/24*v**4 - 1/120*v**6 - 11/6*v**3 + 8*v**2 + 0*v**5 + 0*v + 0. Calculate the remainder when r(-4) is divided by 13.
10
Let t = -12 + 61. Suppose 9*o - 4*o = 5*x - 105, 2*o = 4*x - 76. What is the remainder when t is divided by x?
15
Suppose 6*x = 2*x - 168. What is the remainder when ((-10)/(-35))/((-1)/(-14)) is divided by (-7)/(-2)*(-24)/x?
0
Calculate the remainder when 4*(-3 + (-3)/((-6)/190)) is divided by 37.
35
Suppose 0*p + p = 3*w - 41, -w - 110 = 2*p. Let c = -55 - -30. Let l = c - p. Calculate the remainder when l is divided by 10.
8
Let d(m) = -m**2 + 14*m - 11. Suppose 0 = 2*r + 3*r - 65. Let i be d(r). What is the remainder when 292/10 - i/10 is divided by 8?
5
Suppose 4*w + 177 = 613. Suppose 0 = 14*v - 17*v + 66. Calculate the remainder when w is divided by v.
21
Let b = -943 + 1223. What is the remainder when b is divided by 21?
7
Let j be 6/5*(-80)/(-24). Let i be (0 + -28)/(-2) - j. What is the remainder when 11 is divided by (i/5)/((-4)/(-6))?
2
Suppose 5*a - 65 = 5*l, -4*a + 5*l + 55 - 2 = 0. Calculate the remainder when 179 is divided by a.
11
Suppose 12 + 28 = 5*t. Let g(h) = h**3 + h**2 - 52. Let s be g(0). Let v = -31 - s. What is the remainder when v is divided by t?
5
Let s(z) = z**2 + 16*z + 69. Calculate the remainder when 9 is divided by s(-9).
3
Let k be (2 - 0)/4 - 162/(-12). Suppose -2*o - k = -62. Calculate the remainder when 64 is divided by o.
16
Let k(r) = -3*r + 4*r - 5*r + 5*r. Let z be k(3). Suppose 3 = z*s - 6. What is the remainder when 9 is divided by s?
0
Let n be ((-184)/(-4))/(1 + -3). Let b = 27 - n. What is the remainder when b is divided by (-302)/(-18) - (-2)/9?
16
Suppose s + 2 = -3*a, 7 = -5*s + 27. Calculate the remainder when 59 is divided by 9 + -4 + 1 - (3 + a).
4
Let n(o) = -o**3 + 4*o**2 - o - 4. Let y be (1/2)/((-5)/160). Let d = y - -18. What is the remainder when 5 is divided by n(d)?
1
Calculate the remainder when 7412/102*(-9)/(-2) is divided by 24.
15
Suppose 0 = 3*t + 5*x - 23, 5*x - 5 - 12 = -2*t. Suppose 15*v = -11 + 41. Suppose -v*k = -t - 2. What is the remainder when 13 is divided by k?
1
Let p = -989 - -1029. What is the remainder when 211 is divided by p?
11
Suppose 0 = -4*r - 0*r + 92. Let s be 2/9 + 104/18. Calculate the remainder when r is divided by s/(-21) + (-264)/(-42).
5
Suppose 105 = 3*t + 27. Let g(w) = -32*w + 5. What is the remainder when g(-3) is divided by t?
23
Suppose 4*m + 12*m - 1616 = 0. Calculate the remainder when m is divided by 23.
9
Let o = 25 + -19. Suppose 4*a - q = 5, -o = -3*q + q. Suppose 6*l = 5*v + 2*l + 11, 0 = -v + 2*l - 7. What is the remainder when a is divided by v?
0
Let o(s) = 7*s - 14. What is the remainder when o(10) is divided by 32?
24
Let b = -81 - -116. Let k = b + -27. What is the remainder when 21 is divided by k?
5
Calculate the remainder when 91 is divided by 90/27*((-72)/5)/(-4).
7
Suppose 3*s + 25 - 2 = 2*p, 2*p = 4*s + 28. Let i(m) = 0*m + m + p + 12*m**2 - 3. Calculate the remainder when 23 is divided by i(-1).
11
Let r = -148 - -493. Calculate the remainder when r is divided by 84.
9
Suppose -2*c + 10 = -2*t, c = -0*t - 2*t - 10. Suppose -5*y + 4*y + 65 = c. Calculate the remainder when y is divided by 17.
14
Let i(g) = -g**2 - g - 10. Let w be i(-7). Let q(m) = -2*m**2 - 25*m + 15. Calculate the remainder when 2/7 - w/14 is divided by q(-13).
0
Suppose -30 = y - 6*y. Let f = 20 - 18. Suppose f*l = 28 + 18. Calculate the remainder when l is divided by y.
5
Let c(w) = w**3 - 8*w**2 + 13*w - 7. What is the remainder when 126 is divided by c(7)?
21
Suppose -2*l + 21 = -l. Let k = l - 7. Suppose 260 - 96 = 4*w. Calculate the remainder when w is divided by k.
13
What is the remainder when (-556)/14*-5 + (-28)/49 is divided by 63?
9
Let i = 48 + -43. Calculate the remainder when 17 is divided by (8/i)/(3/15).
1
Calculate the remainder when 348 is divided by ((336/(-9))/7)/(4/(-66)).
84
Let z be 7/(2 - 6/4). Let q be (18/21)/(2/z). Suppose -9 = 3*s - q*s. What is the remainder when 4 is divided by s?
1
Let q = -13840 + 13844. Suppose 2*z = 4*v + 9 - 63, -3*z = -v + 21. Calculate the remainder when v is divided by q.
0
Let l = -2 + -3. Let y = l + 8. Calculate the remainder when -1 - 3/(3/(-4)) is divided by y.
0
Suppose -3*o - 4*q = 11 - 54, -2*o = 2*q - 28. What is the remainder when 55 is divided by o?
3
Suppose -4*g = -16, -g = -3*m + 4 + 7. Suppose 4*c = -12*c. Suppose c = m*i - 37 - 3. What is the remainder when 14 is divided by i?
6
Let r = 1732 - 907. What is the remainder when r is divided by 14?
13
Let l(g) = 2*g**2 - g - 2. Let f be l(-1). Let s = f - -15. Calculate the remainder when s is divided by 9.
7
Let p = 413 - 251. Calculate the remainder when p is divided by 33.
30
Suppose 0 = 8*i - 301 - 243. What is the remainder when 72 is divided by i?
4
Let g = -10 + 7. Let b be 3 - (0 + 0)/g. Suppose 0 = -b*c - 36 + 105. What is the remainder when 68 is divided by c?
22
Suppose 3*m - 7*m = 16. What is the remainder when ((-32)/20)/m*125 is divided by 13?
11
Let k(f) = -f**3 + 23*f**2 + 39*f - 41. What is the remainder when k(24) is divided by 18?
13
Suppose -35*n + 108*n - 219 = 0. Let w = -8 